3)) composite?
False
Suppose 34*l + 210 = 41*l. Is (251/(-3))/(148/l + -5) composite?
True
Suppose -m = -5*f - 912379, 2*m - 56*f - 1824706 = -59*f. Is m a composite number?
True
Let r be (-5)/(125/(-120)) + (-5)/(-25). Suppose r*w = 6*w + 5*x - 10053, -2*w - 3*x + 20078 = 0. Is w prime?
False
Let f(n) be the third derivative of -7*n**5/5 + n**4/3 + 11*n**3/6 - 32*n**2. Let d be f(5). Let p = d + 4475. Is p prime?
False
Let o(y) be the second derivative of 475*y**3/2 - 37*y**2/2 - 2*y - 80. Is o(6) a prime number?
True
Suppose i - 12 = -4*u - 95, -2*u + 4*i - 64 = 0. Let y = 22 + u. Suppose 16*d - 19*d + 921 = y. Is d composite?
False
Let k(x) = x**3 - x**2 - 3*x - 3. Let v be k(3). Suppose 0 = -j + 2, 5*j = 2*d - 0*d - v. Suppose d*f - 257 - 439 = 0. Is f prime?
False
Let u(h) = 14*h**2 - 2*h. Let d be u(-10). Suppose 3*l = -0*l, -2*l = 4*z - d. Is z a composite number?
True
Suppose 0 = -30*v + 32*v - 202. Suppose -5*m = 3*l - 1966, -2*m + 897 = -2*l + v. Suppose 0 = -3*h + 4*x - 178 + 1331, -m = -h + 4*x. Is h a prime number?
True
Let j(r) = -2555*r**3 - 6*r**2 - 7*r - 5. Let q(p) = 5107*p**3 + 11*p**2 + 14*p + 10. Let w(v) = -5*j(v) - 3*q(v). Is w(-1) a composite number?
True
Suppose 0 = n - 3, 3*x - 238492 - 35891 = -n. Suppose 0 = -9*p + x - 30269. Is p a composite number?
True
Suppose 2*s - 557 + 547 = 0. Suppose -8 = 2*y, -y = -s*u - 1000 + 26259. Is u a prime number?
True
Suppose -4097412 = 47*d - 123*d - 32*d. Is d prime?
False
Is (28 + -22)*(-453752)/(-48) prime?
False
Let w(x) = 317*x**2 - 162*x + 2472. Is w(17) a composite number?
False
Let n = -76 - -109. Suppose 1675 = -n*v + 38*v. Is v prime?
False
Let d(i) = -609*i**3 + 4*i**2 + 120*i + 642. Is d(-5) composite?
True
Let g = 17 - 10. Suppose -g = 15*a - 8*a. Is (-2 - 10/(-4))*(-838)/a prime?
True
Let h(a) = 6*a + 64. Let x be h(-8). Suppose 819 = x*p - 15*p - 4*s, 4*s + 4175 = 5*p. Is p a prime number?
True
Let t(w) = w + 4*w**3 + 0*w - 3*w**3 + 7*w**2 - 2*w**2 - 10. Let m be t(-4). Is (-358)/(-2) + (m - 2)/1 a prime number?
True
Suppose 64*i - 14007962 = 9*i - 1986117. Is i prime?
True
Suppose 5*o = o + 2*v - 90118, -o - 22528 = -2*v. Let q = -15913 - o. Is q a prime number?
False
Suppose -5*r - 372 = 3*o, 7 = -r + 4. Let t be (-2892)/(-9) - (-4)/6. Let j = t + o. Is j a prime number?
False
Is (179603/3)/((-5)/(-15)) a prime number?
True
Let v = 80246 + -45936. Suppose -20*l = -30*l + v. Is l a composite number?
True
Let o(m) = 4*m + 3*m**2 - 2 + 4 - 6*m + m**3 + 0. Let v be o(-4). Is -2*1/(-3) - 10154/v composite?
False
Is 8445*2865/300 - 5/(-4) a composite number?
False
Let q(r) = -6*r**2 + 49*r + 4. Let z be q(8). Is (z/48)/((-4)/(-544)) a composite number?
True
Let k(p) = 1090*p**2 + 4*p + 12. Let y be k(5). Suppose -7*w - y = -13*w. Is w a composite number?
False
Let h(a) = 3*a**2. Let f = -8 - -7. Let z be h(f). Suppose -z*j + 873 = 3*y, 4*y + 288 = j - 13. Is j prime?
True
Suppose -447*l = -459*l + 425244. Is l a prime number?
True
Let j = -28175 - -73552. Is j a composite number?
False
Is 354174/12 + 15/(-10) a composite number?
True
Let m be (145/25 - 5)/(4/10). Suppose -6*n + 2*n = -m*r - 584, -5 = -n. Let x = 2185 + r. Is x a prime number?
False
Let o be (4/(-5))/(38/(-866780)). Suppose -7*p - o = -97341. Is p a composite number?
False
Suppose 10 = -3*v + 4*h, -4*v - h = -4*h + 4. Suppose 6*n - 2670 = 3*n + 3*a, -v = 2*a. Is n prime?
False
Let m be (7 + 18)/(14/8498). Suppose -4*q + q = 0. Suppose q = 5*l + 2*f - m + 1574, -2*l + 5*f + 5423 = 0. Is l composite?
False
Let r(v) = 256*v**2 + 3. Let d = 219 - 217. Is r(d) composite?
True
Let k = -261 - -287. Suppose -3*z = -2*p + 44288, 4*z - 44274 = -k*p + 24*p. Is p a composite number?
True
Suppose -5*w - 2*x + 85799 = 0, -3*w + 93*x - 98*x = -51487. Is w a composite number?
False
Suppose 16*b = 10*b + 24030. Suppose 6*z - 19803 = -b. Is z prime?
True
Suppose 3985291 = 37*u + 329405 - 283097. Is u composite?
True
Let n(z) = 11*z + 371. Let y be ((-8 - -8)/(1 - -1))/(-2). Let r(s) = -s**3 - 2*s**2 + s. Let b be r(y). Is n(b) prime?
False
Is 12592 + 12 - (10 - 35/7) composite?
True
Suppose 614326 = l + 5*w, 1842918 = 3*l + 19*w - 24*w. Is l prime?
False
Let k = 59 - 107. Let l = k - -67. Suppose 359 = -l*u + 20*u. Is u a prime number?
True
Let u(q) = 5661*q**2 - 3*q + 5. Let h be u(2). Suppose 0 = 2*y - 2*b - 11320, -3*y + 3*b = y - h. Is y a composite number?
True
Let y = 62000 - 43843. Suppose -7158 = 17*q - y. Is q prime?
True
Let f be 20/6*(1458/(-45))/(-9). Suppose 47030 = f*m - 176254. Is m a composite number?
True
Let g(f) = -8*f - 57. Let o be g(-7). Let h(b) = -19442*b**3 - 1. Is h(o) prime?
True
Let n = -47 + 21. Let k(a) = -a**2 - 24*a + 54. Let o be k(n). Is o/(-6) - 3808/(-12) composite?
False
Let j(i) = 11*i**2 + 33*i + 113. Let h be j(-23). Let z = h - -384. Is z a composite number?
False
Is (-22)/4*(-638494032)/2904 composite?
False
Let d = 28921 - 20438. Is d prime?
False
Let w = -67946 + 97957. Is w a composite number?
False
Suppose -4*p = -4*f - 666320 - 1288256, 2*p + 4*f = 977330. Is p prime?
True
Suppose -3*f + 42 = 27. Suppose i + 4 = 0, -2*i + 1673 = f*s + 96. Is s a prime number?
True
Suppose -31*u - 615420 = -42*u + 1683899. Is u composite?
False
Suppose -4*l + 3*c = c, -4 = -c. Suppose 4*p = l*t - 9342, 4*p = -5*t + 7938 + 15417. Suppose -2339 = -7*w + 6*w + 4*j, -j = -2*w + t. Is w composite?
True
Let w(s) be the third derivative of 101*s**6/180 + s**5/20 + 7*s**4/24 - 10*s**3/3 + 30*s**2. Let d(g) be the first derivative of w(g). Is d(-1) composite?
True
Let k be (-3 + 1 + 54)*1. Let a = -45 + k. Suppose -4*x = -a*x + 165. Is x a prime number?
False
Suppose -341525 = -40*w + 21*w. Suppose 5*a - 4*y - 17975 = 0, 3*a + 2*a - w = -3*y. Is a a composite number?
True
Let p = -6112 - -18149. Is p prime?
True
Let b(q) = 15763*q. Let a be b(2). Let f be 33/2*1162/249. Is a/f + (-3)/7 a prime number?
True
Suppose 2*x - 15928 = -f + 2*f, -x - 5*f = -7975. Let s = x + 2004. Is s prime?
False
Suppose 0 = -2*h - 13 + 3, 10577 = -4*m - h. Suppose 3*j - 4*s + 6693 = -7095, 5*j + 4*s + 23012 = 0. Let f = m - j. Is f prime?
False
Let v = -3564929 + 6144030. Is v composite?
True
Suppose 5*b + 44655 = 5*c, -c = 14*b - 10*b - 8916. Let q = -5993 + c. Is q a composite number?
True
Is (1 - 28/24)/(98/(-272743212)) composite?
False
Suppose 694624 = -4*i + 4492796. Is i a composite number?
True
Let u(g) = -7844*g - 10. Let j(q) = 7843*q + 10. Let s(d) = 3*j(d) + 4*u(d). Is s(-3) a prime number?
True
Suppose b = 9*b. Suppose b = 2*j - 4 + 2. Is (j + 1)*(-3175)/(-10) composite?
True
Let a = -343988 - -511447. Is a a composite number?
True
Let b = -57 + 35. Let x = 31 + b. Suppose -5*z - 1420 = -x*z. Is z composite?
True
Let s(l) = -2*l**3 + 18*l**2 + 4*l + 1. Suppose -9*y + 11 = -61. Is s(y) composite?
True
Suppose 18*b + 24*b + 507771 = 1996125. Is b composite?
False
Let o(z) = z**2 - 11*z + 13. Let k be o(10). Suppose -r = -2*u - 106, -5*r - u + k*u + 538 = 0. Is (10 - 11)/((-2)/r) + 1 prime?
False
Suppose 0*r + r + 206 = 0. Let p = 232 - -152. Let x = r + p. Is x a prime number?
False
Suppose 3*o + 0*h = -5*h - 32, -4*o - 2*h - 24 = 0. Let x(r) = -58*r**3 + 5*r**2 - r - 3. Is x(o) a prime number?
True
Let p = 92579 + -9360. Is p prime?
True
Let q(b) be the third derivative of 2319*b**5/20 - 11*b**4/24 - 7*b**3/2 - 303*b**2. Is q(-2) prime?
False
Let a(c) = 817*c**2 + 55*c - 1017. Is a(28) composite?
False
Let c be -45 - (0 + -4 + 9). Is (-2463)/(-5) + -2 + (-20)/c a composite number?
False
Suppose 5*d - 5*d + 3*d = 0. Suppose 2*g + f - 12398 = d, 24772 = 4*g + 4*f - 8*f. Is g a composite number?
False
Suppose 0 = -s + 4. Let z be (300060/(-117))/(-4) + 4/(-26). Suppose s*f - 16 = 0, -z = -a + 5*f + 720. Is a a composite number?
False
Let p(i) = 1150*i**2 - 49*i + 275. Is p(4) a prime number?
False
Let v(a) = a**3 - 80*a**2 + 2797*a - 103. Is v(75) prime?
False
Suppose 23080 = o + 2*u - 4563, 3*o = 5*u + 82951. Is o composite?
False
Suppose 8*p - 6 = 5*p - 2*o, -4*p + 13 = o. Suppose -4*b = -0*b. Suppose 3*z - p*z - 4*n + 243 = b, 3*n + 508 = 2*z. Is z a prime number?
True
Suppose -57*b = -68*b + 33495. Let a = 2258 + b. Is a prime?
True
Suppose 0 = -w + 2*l + 637535, -1210270 = -13*w - 5*l + 7077809. Is w a pr